Suppose q + 106 = 4*x, 5*q = -0*x - 2*x + 42. Let f = -8 + x. What is the greatest common divisor of 6 and f?
6
Let g be 34/((-4)/(-108) - 0). Suppose -2*w = w - g. Let h(n) = 2*n**2 - 15*n + 26. Let m be h(8). What is the highest common divisor of m and w?
34
Let x = 127 + -124. Suppose -x*s - 3*s = -30. What is the highest common factor of s and 3?
1
Let s = 172 - 254. Let q = s + 89. What is the highest common factor of q and 70?
7
Suppose -3*z - 111 = -2*b, -b - z + 6*z = -73. Let v be (-580)/(-18) + 14/(-63). What is the greatest common divisor of v and b?
16
Let m = -2 + 7. Suppose 0 = 2*r + 2*h - 30, 2*r + 2*h + 30 = m*r. Suppose 0*j = -2*j + r. Calculate the highest common divisor of j and 9.
3
Suppose 0 = -y + 2*b + 18, -6*y + 3*b = -7*y - 2. What is the greatest common divisor of y and 310?
10
Let r = -73 + 39. Let q = r - -118. What is the greatest common divisor of q and 21?
21
Let p = -107 + 259. Calculate the greatest common divisor of p and 57.
19
Suppose -i = -577 + 567. Calculate the highest common divisor of i and 10.
10
Suppose 0 = y + 5*r - 70, r = 4 - 2. What is the highest common factor of 105 and y?
15
Let r = -338 - -189. Let q = r - -173. What is the greatest common divisor of q and 384?
24
Let b(m) = m**3 - 17*m**2 - 18*m + 10. Let c be b(18). Let x = c + 31. Calculate the greatest common factor of 205 and x.
41
Suppose f - 2*f + 6*f = 0. Suppose -5*n - 4*b = -f*b - 48, n - 9 = -b. What is the greatest common factor of 4 and n?
4
Suppose -r + 10 = l - 5, l = 2*r + 30. Let x = l + -16. Suppose t + 65 = 5*g, -4*g + x*t + 8 + 28 = 0. Calculate the greatest common divisor of g and 14.
14
Let k(p) = -p**2 + 12*p - 2. Let g(b) = b**2 - b + 4. Let r be g(3). Let y be k(r). Let s be 212/y - (-6)/27. Calculate the greatest common factor of s and 24.
12
Let l(n) = -2*n**2 - 17*n + 15. Let f be l(-11). Let g be -1 - ((-24)/20)/((-6)/f). What is the highest common factor of 7 and g?
7
Let c be 5 - (0 + (-10)/(-5)). Suppose 15 = 2*u - 5*k, -6*u + c*u + 5*k = -20. What is the highest common divisor of u and 15?
5
Suppose 0 = 4*a - 2*a + 106. Let o = a - -35. Let w be o/(-2) - (1 + 0). What is the highest common factor of w and 64?
8
Let a be ((-4)/(-6))/((168/612)/14). Let o(q) = 77*q**2 - 2. Let t be o(-2). Calculate the highest common factor of t and a.
34
Suppose -x = 2*h - 81, -4*h + x = -2*h - 79. Suppose 2*y = -820 + 830. What is the highest common divisor of y and h?
5
Let x(w) = 7*w**2 - 5*w - 269. Let l be x(-12). What is the greatest common factor of 47 and l?
47
Suppose 2652 = -0*v + 12*v. Calculate the highest common factor of 17 and v.
17
Let t = -33 - -61. Suppose 2*l = 522 - 32. Let q = -49 + l. What is the greatest common divisor of t and q?
28
Let s = -300 - -326. What is the greatest common factor of 312 and s?
26
Let p be 0 + 245/15*3. Suppose -5*r + 865 + 850 = 0. What is the highest common divisor of p and r?
49
Let l be 315/(-12)*(4/4 - -3). Let b = 153 + l. Calculate the highest common factor of b and 24.
24
Suppose 4*k - 576 - 32 = 0. Let u = -382 + 401. What is the highest common factor of u and k?
19
Let i be 4*(-3 + 30/8). Suppose 0 = -i*w + 59 + 121. Let p(o) = -26*o - 63. Let n be p(-3). What is the highest common divisor of n and w?
15
Suppose 2*o + 2 = d, 2*d + 3*o = -d + 15. Suppose y + d*b - 32 = 0, -54 = -2*y - y + 2*b. Calculate the greatest common factor of y and 8.
4
Let w be ((-214)/(-14) - -1) + 42/(-147). Suppose 0 = -3*m, 2*c = -0*c + 4*m + w. Calculate the highest common factor of c and 88.
8
Suppose -317*c - 33 = -318*c. What is the highest common factor of 132 and c?
33
Let s(w) = -5*w**3 - 2*w**2 - 2*w - 1. Suppose -a + 7 = -6*a - 2*i, -5*a = -5*i. Let m be s(a). What is the highest common factor of 1 and m?
1
Suppose -j - 4*j = 80. Let w(l) = -l**2 - 17*l - 12. Let f be w(j). Let y be f/(-10) - (-260)/25. Calculate the greatest common divisor of y and 20.
10
Suppose -3*m = -10*w + 5*w - 150, w + 93 = 2*m. Let j(k) = -k**3 + 2*k**2 - k + 5. Let v be j(0). Calculate the greatest common divisor of m and v.
5
Let f be 24/(-10)*(3 - 8). Let c(m) = -m**2 + 19*m - 6. Let v be c(9). Calculate the greatest common factor of v and f.
12
Let q(u) = -6*u - 4. Let n(p) = -p + 2. Let y be n(-4). Let a be q(y). Let x be (-2 - -1 - 1)*a. What is the highest common divisor of x and 10?
10
Suppose -6*i + i = 40. Let k(p) = -3*p - 11. Let s(d) = 4*d + 1. Let o(t) = -k(t) - s(t). Let u be o(i). Calculate the highest common divisor of 90 and u.
18
Let g = -693 + 706. Let a = -36 - -16. Let p = a - -33. Calculate the greatest common divisor of g and p.
13
Let b(c) be the first derivative of -c**4/4 + 6*c**3 - 23*c**2/2 - 6. Let j be b(16). What is the highest common divisor of 16 and j?
16
Let d(x) = x**3 + 9*x**2 + 12*x + 2. Let n be d(-6). Calculate the greatest common factor of 342 and n.
38
Let x(r) = -r**3 - r**2 - r + 24. Let o be x(0). Let t be (-7)/(21/2) - 56/6. Let c be 25/t*(-36)/15. Calculate the highest common factor of o and c.
6
Let n be 4/(-12) - 26/(-6). Let j be (-4 + 10)/6*10. Suppose 2*a = -n*r + 52 + j, 3*r = -a + 45. Calculate the highest common factor of r and 28.
14
Let s = 5 + 13. Let c(q) = -q**3 + 9*q**2 + 11*q - 4. Let w be c(10). Suppose -5*u + 2 = t, 5*t + w*u - 115 = 2*u. What is the highest common factor of s and t?
9
Let w be (-52)/(-6) + 1/3. Let s = -1159 + 1168. Calculate the greatest common divisor of s and w.
9
Let d(a) = 3*a. Let n(j) = j. Let o(f) = 3*d(f) - 5*n(f). Let k be o(6). What is the greatest common factor of 16 and k?
8
Let t be (5 - -36) + 70/10. Let o = 90 - 18. Calculate the greatest common divisor of o and t.
24
Let y = 960 - 759. What is the greatest common factor of 670 and y?
67
Let j = 422 + 744. What is the greatest common divisor of 22 and j?
22
Suppose 5*g + 4*h + 0*h - 33 = 0, 0 = -2*g + 5*h. Let q(j) = j + 7. Let d be q(g). What is the highest common divisor of 48 and d?
12
Suppose 18 = -z - 4*n, z + 10*n = 14*n - 58. Let t = -26 - z. Calculate the greatest common factor of t and 108.
12
Suppose -454 = -6*t - 118. Calculate the highest common divisor of t and 40.
8
Suppose -14*d + 4*x = -18*d + 148, 4*x + 4 = 0. What is the highest common factor of 171 and d?
19
Let n = 103 - 91. What is the greatest common divisor of n and 12?
12
Suppose -3*m - f = 5, 5*f = -4*m - m - 15. Let t be -15*(m + -1)*1. Calculate the highest common divisor of 20 and t.
10
Let a = 187 - 170. What is the highest common divisor of a and 612?
17
Let z be 90 + (-180)/(-72)*8/(-10). Calculate the highest common divisor of 8 and z.
8
Let j = -1405 - -1626. Calculate the highest common divisor of j and 51.
17
Let s be ((-1)/2)/(3/(-72)). Let m = 1175 + -1169. Calculate the greatest common factor of m and s.
6
Let c be (-528)/55*(-3 - (-82)/(-6)). Calculate the highest common divisor of 5 and c.
5
Let x be (2 + 0)*5/(-10). Let i be 35/(3 + -2) - x. Let b = i - -3. Calculate the highest common divisor of b and 13.
13
Suppose -152*a = -137*a - 30. Suppose -v + 30 = 4*v. What is the greatest common factor of v and a?
2
Let w = -39 + 41. Let u(i) = -i**2 + 5*i - 2. Let k be u(6). Let n be 295/20 - w/k. Calculate the greatest common factor of n and 15.
15
Suppose 4*m + 26 = 38. Calculate the greatest common divisor of 12 and m.
3
Suppose 6*z - 24 = -6*z + 10*z. Let r(m) = 5*m**2 - 3*m. Let c be r(-3). Calculate the greatest common factor of z and c.
6
Suppose 0 = x + 5*t - 18, 0 = x - 5*x - 2*t + 72. What is the greatest common factor of 2 and x?
2
Let d = -2005 + 2029. Calculate the highest common divisor of d and 186.
6
Suppose -4*g - 3 = -79. Suppose d = 2*q + 2*d - 11, q + 5*d = g. Let y be (-324)/(-10) - (-4)/(-10). What is the greatest common divisor of y and q?
4
Let k be -1 + (-3)/(12/(-232)). Suppose -h - 2*h = -k. Calculate the greatest common divisor of h and 19.
19
Let q = 38 - -178. What is the greatest common divisor of q and 54?
54
Let r = -35 - -60. Let w be (-4 - -11)/(2/6). Let o = r - w. What is the greatest common factor of o and 4?
4
Let a(t) = -t**2 + 9*t - 4. Let p be a(6). Let f = 52 - p. Calculate the highest common factor of 19 and f.
19
Suppose 5*m - 3*g - 49 = 0, m + 5*g + 12 = 3*m. Suppose -100 = -3*z + 32. What is the greatest common divisor of m an